ve z(7).
56
Let r(i) be the second derivative of 5*i**4/2 - i**3/6 - 106*i. What is r(-1)?
31
Let r(x) = -2*x**2 - 2*x - 3. Suppose 21*w - 6*w = -30. Determine r(w).
-7
Let j(i) = -4 + 4*i**3 + 2*i - 2*i**3 + 3*i**2 - i**3. Let o(v) = v**2 - 10*v + 25. Let d be o(7). Suppose d*w + 12 = -0. Calculate j(w).
-10
Let r(y) = y**2 - 3. Let p(s) = 2*s - 12. Let a be p(7). Let h(q) = 13*q + q**a - 10*q + 28 - 19*q. Let f be h(14). What is r(f)?
-3
Let t(m) = m**2 - 3*m - 4. Let y(d) = d**3 - 2*d**2 - 16*d - 6. Let w be y(-3). Determine t(w).
14
Let o = -10 - -6. Let w(a) be the third derivative of -a**7/5040 + a**6/720 + a**5/10 + 7*a**2. Let x(i) be the third derivative of w(i). Give x(o).
5
Let k(v) = 5*v**3 - v**2 + v + 2. Let s be (240/18)/(-10) + (-1)/(-3). Give k(s).
-5
Let g(y) be the second derivative of y**3/2 + 7*y**2 - y - 152. Give g(-8).
-10
Let v(f) = -3*f**3 + 32*f**2 - 6*f - 28. Let p(a) = a**3 - 11*a**2 + 2*a + 10. Let n(b) = 17*p(b) + 6*v(b). Determine n(5).
-8
Let y(h) = 2*h**2 - 4*h**2 + 3*h + h**2 + 52 - 56 - 6*h. Suppose t + 13 = -5*z + z, t - 7 = z. Suppose 8 = m - t*m. Calculate y(m).
-8
Let t(l) be the second derivative of -l**4/4 - l**3/6 + 2*l**2 - 74*l + 2. What is t(3)?
-26
Let n(t) = -6*t**2 + 30*t - 8. Let b(u) = -7*u**2 + 26*u - 7. Let w(v) = -7*b(v) + 6*n(v). Calculate w(1).
12
Suppose 6*f + 5*f - 55 = 0. Suppose f*b = -2*b + 4*b. Let s(y) = y**3 - y - 7. Give s(b).
-7
Let z(f) = f**2 - 8*f + 15. Let v be z(7). Let j(u) = v*u - 9*u + 2*u. What is j(0)?
0
Let k(t) = -3*t + 137 - 183 + t. Let z be k(-22). Let c(x) = 3*x + 3. Give c(z).
-3
Let v(g) = -5*g + 4. Suppose 0*a = -4*a + 2*w - 14, -3*a + 4*w = 18. What is v(a)?
14
Suppose 5*j + 2*c - 29 = -6, -15 = -2*j + 5*c. Let v(f) be the first derivative of f**4/4 - 5*f**3/3 - 3*f + 1. Determine v(j).
-3
Let f(r) = -1 - 2*r**2 + 3 + r + 8*r**2 - 5*r**2. Determine f(3).
14
Let g(i) = 40*i + 5 + 25*i - i**3 - 21*i**2 - 85*i + 1 + 6. Determine g(-20).
12
Let s(x) be the second derivative of -x**5/12 + x**4/24 - x**3/6 - x**2 + 15*x. Let q(c) be the first derivative of s(c). What is q(1)?
-5
Let t(c) = c**3 - 22*c**2 + 20*c + 24. Let w = 688 + -667. Determine t(w).
3
Let h(l) be the first derivative of l**4/4 - 7*l**3/3 - 18*l + 929. Determine h(7).
-18
Let x(t) = -t - 2. Let i be x(2). Let n(g) = g**3 + 4*g**2 - g + 1. Give n(i).
5
Suppose -2*q - 2*q - 108 = 0. Let t = q - -20. Let x(z) = z**3 + 7*z**2 - 1. What is x(t)?
-1
Let l(g) = 11*g**3 - 2*g + 1. Let c be (2/(-15) + 7566/45)*-1. Let k = 169 + c. What is l(k)?
10
Suppose 0 = -3*q + 1 - 4, -5 = -p - q. Let b(f) = -1 + f - f - f. Give b(p).
-7
Let t = -34 + 37. Let p(b) = 6*b + 14 - 6 + b**2 + 2*b**2 + 2*b**2 - b**t. Let g = -6 + 12. Give p(g).
8
Let z(j) = -j + 2. Let x = 114 - 79. Let g = x - 30. Give z(g).
-3
Let s(c) = -c**2 - 8*c - 7. Let i be s(-6). Let a = -3 + i. Let l(d) = 1 - 2*d**2 - 16*d - 2*d**a + 0*d**2 - d**3 + 14*d. Calculate l(-2).
-3
Let t(m) = -1 - 6*m + 8 + 5 - 12 + 3. Determine t(6).
-33
Let d(y) be the third derivative of -y**4/24 - y**3/3 + 3*y**2. Let l be ((-32)/(-24))/(1/6). Let o = l - 14. Determine d(o).
4
Let y(b) be the first derivative of -b**3/3 + 11*b**2/2 - 738. What is y(5)?
30
Let c(v) = 63 - 20*v + 35*v - 18*v + 57 - 76. What is c(15)?
-1
Let t(b) = b**2 - 6*b - 3. Let s(y) = y**2 + 29*y + 111. Let p be s(-24). Suppose k + 4 = -8. Let u = p - k. Determine t(u).
-12
Let d(w) = -w**2 - 2*w + 7. Suppose 21*z = 4*z - 714. Let t be 12/(-21) - (-186)/z. Give d(t).
-8
Let m(i) = i**3 + 10*i**2 + 9*i - 8. Suppose 10*l + 8 = 14*l, -2*l - 5 = r. What is m(r)?
-8
Let o be -1 - (-14)/(-4) - 37/(-74). Let x(f) = 12 + 0*f + 6*f - 2*f**2 - 9*f. Let v(j) = j**2 + j - 6. Let l(c) = 7*v(c) + 3*x(c). What is l(o)?
18
Let w(t) = -48*t - 36*t - 48*t + 133*t. Calculate w(5).
5
Let q = -3 + -9. Let z = q - -14. Let x be 3/(-12)*z*0. Let m(h) = -h**3 + h**2 - h + 5. Calculate m(x).
5
Let d(r) be the second derivative of -r**3 - 3/2*r**2 + 1/12*r**4 + 0 + 24*r. Calculate d(3).
-12
Let v = -577 - -588. Let d(k) = -k**2 + 9*k + 9. What is d(v)?
-13
Let l be (-5)/(2*((-9)/(-6))/(-3)). Let n = l + -12. Let a(w) = 6*w**2 + 7*w - 8. Let i(k) = 5*k**2 + 7*k - 7. Let m(o) = 4*a(o) - 5*i(o). Give m(n).
3
Suppose 2*z - 56 = 5*z + 2*y, -z = 4*y + 2. Let a be -16 - z - (0 - 1). Let v(s) = -a - s - 2 + 3. What is v(-4)?
-2
Suppose -7*q + 21 = -4*q. Let b(v) be the first derivative of 4 + 3*v**2 - 1/3*v**3 + 5*v. Determine b(q).
-2
Let p(y) = 4*y**2 + y. Suppose a - 4*c + 21 = 0, 8*a - 4*c = 3*a - 137. Let l = a - -32. Suppose l*f + 6 = 9. Determine p(f).
5
Let y be 2320/60 - 2/(-6). Let m(t) = y*t**2 - t**3 + 0*t + 2 - 15*t**2 - 2*t - 20*t**2. Calculate m(2).
6
Let p(m) = 2*m**2 - 3*m + 2. Let d = 16 - 12. Suppose -2*z - 5 = 3*z + d*s, -4*s - 23 = -z. Calculate p(z).
11
Let b be (6/(-5))/((-18)/27060). Let y(t) = 2 - b*t + 2 - 7*t**2 + 1797*t - t**3. What is y(-6)?
10
Let i(a) = -a**2 - 3*a. Let m be (-406)/126 + 2/9. Determine i(m).
0
Let c(n) = -n**3 - 11*n**2 - 16*n + 19. Let v = -649 - -640. Calculate c(v).
1
Let r(i) = 2*i**2 - i - 1. Let v(w) = -w**3 + 2*w**2 - 2*w + 1. Let p be v(1). Suppose 0 = -y + 5*s + 23, 5*y - 3*s = -p*s + 5. What is r(y)?
9
Let b(z) = -z + 24. Let k be b(19). Let r(n) = 3*n**2 + 6*n - 1. Let p(j) = 7*j**2 + 13*j - 1. Let m(w) = k*r(w) - 2*p(w). Determine m(-5).
2
Let x(w) = w**3 + 5*w**2 - w - 4. Let g be 1/(1*(-1)/5). Let y be x(g). Let m(c) = -6 - 4 - c**3 + y - c + 0*c - c**2. Give m(0).
-9
Suppose 5*a = g + 8, -a + 8 = 3*a. Let l(u) = -3*u + 1. Give l(g).
-5
Suppose -7*y = -10*y + 183. Let o(k) = -57*k + 2*k**2 + 119*k - y*k. Determine o(1).
3
Let g(l) = l**2 - 13 - l**3 + 20 - 5*l - 5*l - 11*l**2 + 3*l. Give g(-9).
-11
Let k(z) = -37*z**2 + 1. Let p be (-8)/(-1)*(7 + (-605)/88). Determine k(p).
-36
Suppose 1530 = 7*y + 8*y. Let x = y - 107. Let c(d) = -4*d - 5. What is c(x)?
15
Let b be 0/((2/(-5))/((-8)/40)). Let y(k) = k**2. Let z be y(0). Let q = b - z. Let d(m) = m + 2. Determine d(q).
2
Let b(k) = k**3 + 10*k**2 - 11*k - 1. Let q(n) = -n**3 - 10*n**2 + 10*n. Let w(d) = d**2. Let s(l) = -q(l) - w(l). Let r(h) = 4*b(h) - 5*s(h). Calculate r(-6).
-4
Let b(o) = -2*o**3 - 5*o**2 - 6*o - 3. Let z(k) = -4*k**2 + k. Let f be z(1). Let s(n) = -n**3 - 5*n**2 - 6*n - 2. Let c(t) = f*s(t) + 2*b(t). Give c(6).
0
Let m = 77 + -40. Let k(y) = 12*y - y - 29 - m + 67. Determine k(1).
12
Let t be (4/(-10))/((-13)/130). Suppose 0*g - g = t*r, -5*g + 23 = -3*r. Suppose -3 = 2*n + n, 2*n + 22 = g*h. Let j(i) = -i**3 + 4*i**2 + 4*i + 2. Give j(h).
-3
Let x(r) = -r**3 + 4*r**2 + 2*r - 6. Suppose 0 = n + 2*f - 4*f, 0 = 3*n - f + 20. Let a be ((-32)/20)/(n/20). Give x(a).
2
Suppose 3*f + 2*k = -11 + 1, -k = 2*f + 7. Let c be 3*1 - 0/(-7). Let h(m) = -m**3 + m + c*m - 5 - 3*m**2 + 0*m**3. Determine h(f).
-5
Let j(x) = -x**3 - 9*x**2 - 2*x - 12. Suppose 60 = -5*r - 3*i, -5*r + 9*r + i + 41 = 0. Determine j(r).
6
Let l(b) be the second derivative of b**3/6 - 19*b**2/2 - 343*b. Give l(21).
2
Let x(m) be the third derivative of m**4/12 + 3*m**3 + 316*m**2. What is x(-12)?
-6
Suppose -7*p = -4*p + 48. Let t be 4*6*2/p. Let m(i) = i**2 + 2*i + 3. Give m(t).
6
Let z(g) = -g**2 + 9*g - 12. Let v(u) = u**2 + 22*u + 113. Let c be v(-7). Calculate z(c).
-4
Let c = -3565 + 3562. Let r(l) be the third derivative of 0 + 1/24*l**4 + 1/60*l**5 - l**2 + 0*l - 1/2*l**3. Determine r(c).
3
Let h(k) = -k**2 + k. Let v(o) = o**2 + 13. Let w be v(0). Suppose 3*x = 2 + w. Suppose -x*j = 5*z + 15, -j - 18 = -3*j + 4*z. What is h(j)?
0
Let g be 3/((-9)/2)*-3. Let o(k) = k - 3*k + 7 - 3*k + 4*k**3 + 6*k**g - 3*k**3. Calculate o(-7).
-7
Let a(l) = -l**3 + 5*l**2 - 4*l - 1. Let z be (13 - 21) + -4 + 15. Determine a(z).
5
Let x(p) = p**2 - 3*p - 8. Let q(w) = -w. Let y be q(-7). Calculate x(y).
20
Let j be 5 - 3/1 - (-25)/(-15). Let o(g) be the second derivative of g + 0 - 1/12*g**4 - j*g**3 - 1/2*g**2. Give o(-2).
-1
Let w(r) = r**2 - 11*r + 12. Let g(j) = 19*j + 291. Let u be g(-15). Determine w(u).
-18
Let q(z) = -z**3 - 10*z**2 + 9*z - 20. Let a be q(-11). Let w(o) = 7*o - o**a + 5 + 13*o - 26*o. Determine w(-6).
5
Suppose -7*x + 9*x = -12. Let n = -4 - x. Suppose 0 = s - 4 - n. Let b(t) = t**2 - 6*t - 4. Calculate b(s).
-4
Let w